1/24*q**4 + 0 + 0*q + 4/3*q**3. Let f(d) = 3*c(d) - 2*s(d). Give f(-6).
2
Let i(f) = -1 + 216 + 30*f - 220. What is i(1)?
25
Let t be ((-10)/3)/((-1590)/3816). Let b(c) = -c**3 + 7*c**2 + 7*c - 10. Give b(t).
-18
Suppose c = 2*i + 20, 2043*i - 2046*i = 4*c - 14. Let z(g) = -2*g**2 - 11*g + 11. Determine z(i).
5
Let o be 65/10*56/(-364). Let z(c) = 7*c - 3. What is z(o)?
-10
Let d(x) = x**3 - 3*x**2 - 29*x - 2. Let n be d(7). Let y(f) = 4 + 7*f - 4*f**2 + 5*f**2 - 14. Determine y(n).
8
Let h(r) = 7*r**2 + 15*r - 38. Let d(c) = 12*c**2 + 25*c - 65. Let t(n) = -3*d(n) + 5*h(n). Let k = -1 - 4. Determine t(k).
-20
Let v(a) = -a**3 - a**2 - a. Let m(d) = -7*d + 12. Let j(z) = -10*z + 18. Let w(b) = 5*j(b) - 7*m(b). Let u be w(7). What is v(u)?
1
Suppose 0*d + d - 163 = -2*k, d - 321 = -4*k. Let o(c) = -10*c**2 - 63*c - 182. Let m be o(-3). Let s = m + k. Let f(y) = -3*y + 4. Calculate f(s).
16
Let j(q) = 14*q - 272. Let r(h) = 3*h - 39. Let s(k) = -j(k) + 7*r(k). Let y(v) = -v**3 + 3*v**2 + 4*v + 5. Let p be y(4). Determine s(p).
34
Let j be (-22)/(-6) + 8/24. Let a be 274/10 + j/(-10) + -3. Let x(l) = -14 + 6*l + l**3 + a - 11 + 6*l**2. Calculate x(-5).
-6
Let h(m) = m**2 - 6*m. Let v be (32/(-48))/((-1)/(-9)). Let j(a) = 2*a - 1. Let d(o) = -2*o. Let f(l) = v*d(l) - 5*j(l). Let q be f(0). Calculate h(q).
-5
Let n(f) be the first derivative of 16*f**3/3 - f**2/2 + f - 39. Suppose 0 = 101*c - 93*c - 8. Give n(c).
16
Let d(m) be the third derivative of 7*m**4/3 + 100*m**3/3 - 9054*m**2. What is d(-4)?
-24
Let c(g) = -26 - 19*g - 43*g**2 + 117*g**2 - 51*g**2 - g**3. Give c(22).
40
Let z(v) = -28*v + 3. Let b(h) be the first derivative of 14*h**2 - 4*h + 45. Let j(i) = -3*b(i) - 4*z(i). What is j(1)?
28
Let j(y) = -y**2 + 7*y - 2. Let n(o) = o - 65. Let t be n(7). Let s be (t/(-5))/((-62)/(-155)). Suppose 24*r - s*r + 25 = 0. Calculate j(r).
8
Let t(f) be the third derivative of f**6/120 + 2*f**5/15 + f**4/4 - 2*f**3/3 - f**2 + f - 38. Determine t(-6).
32
Let l(d) be the first derivative of -5*d**2/2 - 8*d + 7. Let h = -1732 + 1726. What is l(h)?
22
Let u(z) = 310*z - 7*z**2 - 4*z**2 + 9*z**2 - 364*z + 5. Determine u(-27).
5
Suppose 0 = -2*d - 0*i - 3*i + 11, -3*d + 5*i = -7. Let x(z) = -3*z + 9. Let w be x(d). Let v(h) = -h**3 + 5*h + 2. What is v(w)?
14
Let m(d) be the first derivative of 2*d**2 - 8*d + 474. Give m(16).
56
Suppose -24*d = -28*d - 4. Let y(s) be the second derivative of s**5/4 - s**4/6 - s**3/6 - 15*s. Determine y(d).
-6
Let o(q) = -6*q**3 + 14*q**2 - 16*q - 12. Let r(j) = -5*j**3 + 14*j**2 - 16*j - 12. Let g = 480 + -486. Let u(h) = g*o(h) + 7*r(h). Calculate u(-15).
3
Let n be 3 + (-4 - -1 - -2). Let h be 1275/1105 + 4/(-26). Let w(g) = 4*g**3 - g**2 + 2. Let r(b) = b**3 + 1. Let y(u) = h*w(u) - 3*r(u). Calculate y(n).
3
Let w(i) = -i**2 + 12*i - 5. Let h = -517 - -523. Let v(s) = -s**3 + 7*s**2 - 6*s + 12. Let f be v(h). Give w(f).
-5
Suppose 43 - 35 = b. Let d(c) = 3*c**2 - 5*c - 4. Let i(p) = -10*p**2 + 14*p + 13. Let h(g) = -7*d(g) - 2*i(g). Give h(b).
-6
Let u(p) = p**3 - 37 + 5*p + 6*p**2 + 13 + 19 + p**3. What is u(-2)?
-7
Suppose 19*a = 16*a - 15. Let f(d) be the third derivative of -d**6/120 - d**5/10 - d**4/4 - 5*d**3/6 - 52*d**2. What is f(a)?
0
Let c be (-1 - 2) + -9 + 27. Let r(a) be the second derivative of -1/3*a**3 + 0 + 2*a**2 + c*a. Calculate r(3).
-2
Let g(q) = 5*q**2 + 4 + 4*q - 4*q**2 - 2*q**2. Let d be 2/5 + 315/25. Suppose d*s = -3*s + 64. Give g(s).
4
Let m(n) be the third derivative of 11*n**7/1260 - n**6/720 + n**5/120 + 19*n**4/6 - 25*n**2. Let w(x) be the second derivative of m(x). Give w(1).
22
Let t(l) = -9*l**2 + 66*l - 17. Let q be t(7). Let c(z) be the first derivative of z**2 + 3*z - 6. Calculate c(q).
11
Let l(m) be the first derivative of -9*m**2/2 + 17*m + 126. Let y(r) = 2*r + 2. Let o(u) = -l(u) - 3*y(u). Give o(6).
-5
Let b(x) = x**3 - 5*x**2 - 13*x + 10. Suppose 4*u - 2*p = 52 - 18, -11*u + 4*p = -89. What is b(u)?
17
Let m = -417 - -430. Let u(r) be the second derivative of r**4/12 - 2*r**3 - 9*r**2 - 11*r + 6. Give u(m).
-5
Let d(u) = -u**3 + 7*u - 1. Let z(i) = -2*i**3 + 4*i**2 + 8*i - 9. Let v(x) = -3*d(x) + z(x). Calculate v(-6).
0
Let l = -4444 - -4454. Let t(n) = n**3 - 3 + 9*n**2 + 11*n - 3 - 1 + 5. Let s(r) = 3*r**3 + 18*r**2 + 22*r - 3. Let c(o) = -2*s(o) + 5*t(o). What is c(l)?
6
Let f(l) = 5*l**2 - 10*l - 1. Let x(u) = -342*u - 2*u**2 + 342*u + 3*u**2. Let h(c) = f(c) - 6*x(c). Let y = -144 + 134. Calculate h(y).
-1
Let u(l) be the first derivative of -5*l**2/2 - l + 1. Let k be 10/(-8) + 215/40*-2. Let v be (k - (-12 - -7)) + 12. What is u(v)?
-26
Let i(p) = 8*p. Let c be i(1). Let m(f) = 3*f - 13. Let k(w) be the second derivative of w**2/2 + 245*w. Let t(o) = 3*k(o) + m(o). What is t(c)?
14
Let r(y) = 14*y**2 + 40 + 0*y**2 - 47*y - 5 + 11*y - 2*y**3 + 17*y. Determine r(6).
-7
Let h(f) be the second derivative of f**5/20 + f**3/3 - 5*f**2 - 4040*f. Calculate h(2).
2
Let i(b) = 2*b + 33. Let x be i(-11). Let m(z) = -z**2 + 44*z - 373. Give m(x).
-10
Suppose 2*a + 6 = 0, 62*a = t + 60*a - 4. Let g(n) = -n**2. Let o(j) = j**2 + 2*j + 3. Let w(f) = -2*g(f) - o(f). What is w(t)?
5
Let s(t) = -5*t**3 + 13*t**2 + 13*t + 13. Let r(l) = l**3 - 3*l**2 - 3*l - 3. Let q(z) = 9*r(z) + 2*s(z). Suppose -6*y + 1277 - 1289 = 0. Give q(y).
5
Let k = -217 + 223. Let t be -3*(-6)/(-12 + k). Let d(j) = -2*j**3 - 1 + j + 0*j**2 - 3*j**2 + j**3. Calculate d(t).
-4
Let x = 331 + -329. Let g(y) = -y + y**x - 24 + 20 + y. Give g(-4).
12
Let d(b) = -5*b + 30. Let t be d(6). Suppose -2*s - 3*r + 249 = t, -1 + 4 = 3*r. Let u(v) = s - 240 + v + 118 - 6*v**2. Calculate u(-2).
-25
Let l(o) = o**2 - 15*o - 9. Let r(d) = 14*d**2 - 8*d - 7. Let j = 242 + -243. Let a be r(j). Calculate l(a).
-9
Let r(x) = -78*x + 37. Let d be r(0). Let m(f) = 7*f**3 + 9*f - d*f + 27*f. What is m(-1)?
-6
Suppose 0 = 3*c - d - 7, 19*d - 16*d - 6 = 0. Suppose -4*n = c*s + 21, 5*s + 3*n - 7*n = -3. Let y(t) = t**3 + 4*t**2 + 3. Give y(s).
12
Let d(w) = -w**3 + 33*w**2 + 34*w - 5. Let q be (5 - 2/(56/133)) + (-675)/(-20). Calculate d(q).
-5
Let u(w) = 13*w + 216. Let a be u(-16). Let g be (680/510)/(a/18 - 0). Let q(b) be the third derivative of b**6/120 - b**5/15 + b**4/12 + b**2. What is q(g)?
-3
Let z(r) = r**2 - 5*r - 3. Let g(p) = p**2 + 2*p + 3. Let b be g(-3). Let f be z(b). Let q(w) = -2*w**2 + 3*w + 6*w + 2*w**3 + 0*w**f - 8*w. Give q(1).
1
Let p(o) = -o**2 + 9*o - 4. Suppose 16*i + 5664 = 5792. Calculate p(i).
4
Let z = -5526 + 5509. Let i(s) = s**3 + 16*s**2 - 18*s - 21. What is i(z)?
-4
Let v(g) = -g**2 + g - 11. Let j(a) = -50*a**2 - 249*a + 10. Let c be j(-5). Calculate v(c).
-31
Let y(k) = -2*k**2 - 79*k - 1841. Let h(o) = o**2 + 35*o + 926. Let u(l) = 7*h(l) + 4*y(l). Calculate u(-16).
-2
Let a(x) = 2 + 2 - 5*x - 2 + 2*x**2. Suppose 78*p - 87*p = 981. Let w = p + 112. Determine a(w).
5
Let x(q) be the second derivative of -q**4/12 - 5*q**3/6 + 3*q**2 + q. Suppose 256*f = -3422 + 2142. What is x(f)?
6
Let x(o) = -12*o**3 + 9*o**2 - 33*o + 25. Let z(h) = 5*h**3 - 4*h**2 + 15*h - 11. Let y(v) = -4*x(v) - 9*z(v). Calculate y(-2).
-19
Let l(x) = 0 + 7*x - 3 - x**2 + 0. Suppose 23*m - 61 - 59 - 18 = 0. Give l(m).
3
Let t(k) = k - 2. Let i be t(6). Suppose 4*m = m + 12. Let c(x) = x + 3*x - 3 - 5*x + m. What is c(i)?
-3
Let d(a) be the second derivative of 6*a**2 + 1/12*a**4 - 266*a + 2*a**3 + 0. Determine d(-11).
1
Suppose 11 = m, 4*f + 37 = -f + 5*m - 18. Let r(z) = z + z**2 + 15 + 9 - 8. Give r(f).
16
Let z(h) = -5*h**3 + 4*h**2 + 4*h + 2. Let v = -33 + 31. Let i be z(v). Let x(p) = p**2 - i + 23 + 37. Determine x(0).
10
Let w(b) = 15*b + 1. Let j(d) = -d**3 - 4*d**2 - 6*d - 6. Let s be j(-2). Let z be 3/((s/5)/((-12)/45)). Calculate w(z).
31
Let i(n) = -n - 13. Let f(y) = 6*y + 61. Let t be f(-10). Let r be (9 - 1)*(-2 - -1*t). Determine i(r).
-5
Suppose 2758*h + 8 = 2760*h. Suppose h*f + 2*a + 20 = -2*a, f + 2 = 2*a. Let c(d) = 6*d + 20. Calculate c(f).
-4
Suppose 55*m + 7*m + 70 = 27*m. Let s(c) = 36*c + 14. Calculate s(m).
-58
Let g(v) be the third derivative of 0*v + 0 - 5*v**2 + 1/24*v**4 + 1/2*v**3. Calculate g(-5).
-2
Suppose 7*m - 20*m = 65. Let k(u) = -19*u + 17*u - 12 + 10. What is k(m)?
8
Let q(z) be the f